h be p(7). Let z = 718 - h. What is the units digit of z?
8
Let l(k) = -3*k - 18. Let c be l(-8). Let q be 2436/36 + 2/c. Suppose -71*a = -q*a - 489. What is the hundreds digit of a?
1
Suppose 2*n - 18 = 2*u, 0 = 5*n - 4*u - 41. Let h(q) = 5 - 7*q**2 + 7*q**2 + 6*q**2 + n*q. What is the units digit of h(-5)?
0
Suppose -4*o = 5*a - 4484 - 28370, 0 = 2*o - 2. What is the units digit of a?
0
Let v(y) = -4*y**3 + y**2 + y. Let b be v(-1). Let p be (b*1/(-3))/(1/(-3)). What is the units digit of -6*((-185)/15)/(2/p)?
8
Let q(l) = 15*l**2 + 2*l - 59. Let p be q(6). Let i(s) = s**2 - 6*s - 9. Let r be i(8). Suppose p + 256 = r*j. What is the hundreds digit of j?
1
Let v(h) = 6318*h + 135. What is the hundreds digit of v(6)?
0
Let x be (6/(-4))/(((-9)/(-12))/(-3)). Suppose 0 = -x*z - 30 - 492. Let u = z + 221. What is the hundreds digit of u?
1
Let o(l) = 3*l - 9. Let c be o(10). Let b = c - -153. Let a = b + 33. What is the hundreds digit of a?
2
Let s be 10 + (-8 - -7 - 5). Suppose -4*w + s*u + 1718 = -798, -5*w + 3*u + 3141 = 0. What is the units digit of w?
7
Let g(j) = 12*j - 23. Let a(c) = -c - 2. Let n(x) = -6*a(x) - g(x). Let r be n(5). What is the hundreds digit of (45/6)/r - (-951)/6?
1
Let c = 2982 + -609. Suppose -5*d + c = 2*k, k + 5*d = 6*k - 5845. What is the thousands digit of k?
1
What is the thousands digit of 7281 + (-14 - -4 - 4)?
7
Suppose 3*b + 0*b = 12, 5*b = 4*f - 44. Suppose 2*m + n - f = -0*n, 39 = 5*m + 3*n. Let g(t) = -t**2 + 15*t - 2. What is the tens digit of g(m)?
5
Suppose -67320 = -486*d + 477*d. What is the thousands digit of d?
7
Let p(h) = h**3 + 12*h**2 - 11*h - 22. Let c(s) = -25*s - 22. Let q be c(-2). Suppose 32 = -10*n - q. What is the hundreds digit of p(n)?
2
Let r be 141*(2*2 - 1/(-1)). Suppose l = -0*c - 2*c + 227, r = 3*l - 2*c. What is the tens digit of l?
3
Let x(d) = -5*d**3 - 2*d**2 + 6. Let l be x(3). Let b = l + 262. Let t = b + -98. What is the units digit of t?
7
Suppose -3*b + 39 = 3. Suppose b*s = 867 + 2805. What is the tens digit of s?
0
Suppose 2*f - 2*a = f - 1415, -f - 1436 = 5*a. Let h = -996 - f. Suppose m + 3*p = 91, -5*m + h = 6*p - p. What is the units digit of m?
2
Let m(i) = 22*i**2 - 5*i + 5. Let l be 24/(-8)*(-4 - 40/(-12)). What is the units digit of m(l)?
3
Let l = 1 - -4. Let b(p) be the third derivative of 3*p**4/8 - 11*p**3/2 + 60*p**2 - 3*p. What is the units digit of b(l)?
2
Let j be -2 + (-14)/(-6) - 94/(-6). Let f(v) = -v**3 + 16*v**2 - 3. Let l be f(j). What is the units digit of 7/(42/(-256))*l?
8
Let r be (-72)/(-15)*40/12. Suppose 3*p = 4*t - 1325, -r*p + 14*p + t = 885. Let m = p - -631. What is the tens digit of m?
8
Suppose -4*j - 3*v = -0*v - 134953, -5*j + v = -168677. What is the ten thousands digit of j?
3
Suppose 76 - 12 = 16*x. Suppose -x*v + 585 = -0*a + a, -v = 5*a - 151. What is the tens digit of v?
4
Let s(b) = 16*b**2 - 43*b + 531. Let a(i) = 3*i**2 - 9*i + 106. Let x(y) = 11*a(y) - 2*s(y). What is the units digit of x(-24)?
2
Suppose -568 = 4*o - 6144. Let x = o - 988. What is the units digit of x?
6
Suppose 660404 = 16*h + 171220. What is the hundreds digit of h?
5
Suppose 72*b = 7*b + 1783470. What is the hundreds digit of b?
4
Let x be -12*(-8 - 3448/32). Suppose 5*m + 284 = -c + x, -2170 = -2*c - 2*m. What is the tens digit of c?
8
Let f(g) = 151*g - 72. Let t be f(6). Suppose -3*r = -3*p - 1179, 2*r + 3*p + 53 = t. What is the units digit of r?
2
Let o(v) = 587*v**2 + 231*v - 1358. What is the tens digit of o(6)?
6
Let n = 884 + -902. Let y(l) = 91*l**2 + l + 7. Let v be y(-5). What is the hundreds digit of 12/n*v/(-6)?
2
What is the units digit of (94/(-282))/(6/349016*12/(-54))?
4
Suppose -39*f = -44*f + l + 1260, 2*f + 5*l = 531. Let s = -187 + f. What is the tens digit of s?
6
Suppose 2*b = -3*i - 23115, 7*i - 2*b - 30820 = 11*i. What is the hundreds digit of i/(-45) - (-14)/(-63)?
1
Let n be -112 + (1 + -2)/((-17)/51). Let q = n - -114. Suppose 0 = -5*l - 25, -k - 526 = -q*k - 2*l. What is the tens digit of k?
3
Let c(u) = -u**2 + 8*u + 13. Let s be c(9). Suppose 0 - 8 = -s*q. Suppose i - 188 = -3*k, q*i - k = 3*i - 184. What is the units digit of i?
2
Suppose -33*x + 18287 + 23986 = 0. Suppose -3*c + 3*f + x = -c, -3*c - 2*f + 1889 = 0. What is the units digit of c?
3
Suppose -634*r + 337*r - 1025208 = -321*r. What is the thousands digit of r?
2
Suppose 42*d = 128*d + 95*d - 2049825. What is the hundreds digit of d?
3
What is the tens digit of -1 + (66116/6)/(((-144)/(-27))/8)?
2
Let l = -37806 - -57052. What is the ten thousands digit of l?
1
Let w = 90 + -250. Let a = w - -263. What is the units digit of a?
3
Let c = -338 + 345. What is the tens digit of (c/35)/(3/2955)?
9
Suppose 4*h = p + 9804, 5*h = -5*p + 1520 + 10735. What is the tens digit of h?
5
Suppose 53*f - 8 = 55*f. What is the hundreds digit of f + 2 + (5 - -587)?
5
Let f = -235 + 240. Suppose 2*g + y - 7 = 37, f*g - 5*y - 80 = 0. What is the tens digit of g?
2
Suppose 2*w - 1442 = -5*q + w, -2*q = -w - 574. Suppose -4*j = -4*i + 8*i - q, -2*j - 3*i + 147 = 0. Suppose 328 = -j*p + 71*p. What is the tens digit of p?
6
Let f = -207 - -173. Let x = f - -211. What is the units digit of x?
7
Let r = 37414 + -22527. What is the ten thousands digit of r?
1
Let h(g) = 495*g**2 - 45*g + 206. What is the ten thousands digit of h(5)?
1
Let k = -1155 - -2894. What is the hundreds digit of k?
7
Let w be -5*5*1*370/(-74). Suppose 131*c - w*c = 1782. What is the tens digit of c?
9
Let w = 78258 + -54063. What is the thousands digit of w?
4
Let p be (3 + (-102)/42)/((-6)/(-21)). Suppose 7*l + 4*r + 2987 = 10*l, -p*l + 1983 = -r. What is the tens digit of l?
8
Suppose 188701 + 6451 = 16*y. What is the ten thousands digit of y?
1
Suppose 59 = -a + 5*t - 31, 4*a = 4*t - 328. Let k = a - -82. Suppose -z - 5*y + 154 = 0, 3*z - z = -k*y + 324. What is the tens digit of z?
6
Suppose 0 = -31*g + 517433 + 212059. What is the hundreds digit of g?
5
Let x(g) be the third derivative of 0*g + 0 + 1/20*g**5 + 0*g**4 + 1/6*g**3 - 13*g**2. What is the units digit of x(-1)?
4
Suppose -4*d + 540 = d. Let o be 0/((-3)/(-2 - 1)). Suppose 2*b + x - d = o, -5*x - 202 = -b - 3*b. What is the units digit of b?
3
Let r(p) = -p**3 - 25*p**2 + p + 27. Let w be r(-25). Suppose 772 = 3*y + 2*b, -w*y = -5*y + b + 757. Let x = -92 + y. What is the hundreds digit of x?
1
Suppose 2*o - 98 - 170 = 0. Let x = o + -73. What is the tens digit of x?
6
Let t(s) = -1111*s - 293. What is the hundreds digit of t(-12)?
0
Let g(m) = 1514*m - 3984. What is the ten thousands digit of g(32)?
4
Let j = 11 + -9. Let m = 59 + -38. Suppose -115 = -j*q + m. What is the tens digit of q?
6
Let t = -31 + 34. Suppose -3*k + 9 = t*w, 24 = 4*k - w + 7. Suppose 24 = k*m - 4*o, 4*o + o + 21 = 4*m. What is the units digit of m?
9
Let p(o) = 20*o**2 - o - 2. Let f(j) = 2 - 12 + 3 + 5 + j. Let b be f(4). What is the units digit of p(b)?
6
Let l be 3*2 - (-8 + 11 + -5). What is the hundreds digit of (-1 + -3)/(l/(-816))?
4
Let y be 3*(2 + 4/(-6)). Suppose y*d + 780 + 126 = 5*z, -184 = -z - 2*d. What is the tens digit of z?
8
Suppose -83*z - 754236 + 174147 = -102*z. What is the tens digit of z?
3
Let p(t) = -3*t + 17. Let q be p(4). Suppose -q*d + d = -676. Suppose 23 = 3*i - d. What is the tens digit of i?
6
Suppose -4*w - 491 = -3*v - 2*v, -3*w - 492 = -5*v. What is the hundreds digit of (-1182)/(-5) - (7 + v/(-15))?
2
Let n = 76324 + -17972. What is the units digit of (-8)/(-44) + n/77?
8
Suppose -10 = -4*t + 2*p, 2*t + 0*t + 20 = -4*p. Suppose g - 4*g + 0*g = t. Suppose -2*v + 3*v - 2 = g. What is the units digit of v?
2
Let t = 11607 + 42929. What is the tens digit of t?
3
Let c = -13 + 17. Suppose -2 - 2 = 4*x, 0 = 4*k + c*x - 236. What is the units digit of (57/4)/(k/(-32) + 2)?
4
Suppose 5*b - 6866 = -5*s + 2934, s = 2*b - 3911. What is the tens digit of b?
5
Suppose -4*y - 537 = -0*n + n, -n = 3*y + 403. What is the tens digit of (13 + -9)/((-1)/y)?
3
Let u(m) = -m**3 + 9*m**2 - 7*m - 6. Let n be u(8). Suppose 3*h + 8 + n = -5*k, -3*h = -k - 20. Suppose 4*y = -h*y + 720. What is the units digit of y?
0
Let d = -3416 - -7481. What is the units digit of d?
5
Let x = -7803 - -11663. What is the thousands digit of x?
3
What is the units digit of 2/